t q be p(-3). Suppose 2 = -5*t + 12. Suppose q*n - 4*n = -t. What is the units digit of n?
2
Let k = -707 + 1060. What is the hundreds digit of k?
3
Let c = 12 + 9. Suppose -3*x - c = -z, 2*z = -3*x + 76 - 16. What is the tens digit of z?
2
Suppose -184 = -4*i - 2*c, -i + 4*c + 46 = -0*c. What is the units digit of i?
6
Let t be (-6)/6*4/(-1). Suppose 12 = t*c - 0. Suppose 22 - 4 = c*x. What is the units digit of x?
6
Let p = -54 + 36. Let z = p - -26. Suppose -j = -z + 1. What is the units digit of j?
7
Suppose 4 + 4 = 2*x. Let c = x - -1. What is the units digit of c?
5
Suppose -3*p - o = -27, 3*p + 0*o - 3*o - 27 = 0. Suppose 0*u = u - p. What is the units digit of u?
9
Let q = 73 - 21. What is the tens digit of q?
5
Let w(s) = 46*s - 12. What is the units digit of w(2)?
0
Let j(k) = 2*k**3 - 7*k**2 + 6*k + 7. What is the units digit of j(5)?
2
Let f(i) = i**3 - 4*i**2 - 2*i - 4. Suppose -4*n + 3 = 5*m + 15, -4*m - 16 = 0. Suppose 3*c = n*c + 5. What is the tens digit of f(c)?
1
Suppose -m = 5*z - 7, 0 = 4*m - 3*z - 5. Suppose m*q + q = 0. Let u = q + 9. What is the units digit of u?
9
Let r(w) = -6*w + 3. Let o be r(-4). Suppose -1 = -j + o. What is the units digit of j?
8
Suppose -4*l - 14 + 2 = 0. Let z be 0/(-2) + l + 4. Let n = z - -4. What is the units digit of n?
5
Suppose -30*m = -32*m + 28. What is the tens digit of m?
1
Suppose 120 = u + 5*u. What is the units digit of u?
0
Let r = -26 + 89. What is the tens digit of r?
6
Let i = -6 + 10. Let b = 4 - 2. Suppose -4*v + 2 = g - b, 3*g = 4*v - i. What is the units digit of v?
1
Let i(k) = 8*k**2 + 6*k + 14. Let z(d) = -7*d**2 - 7*d - 13. Let v(w) = -4*i(w) - 5*z(w). What is the units digit of v(-6)?
1
Let o(a) = a**2 + 2*a + 2. What is the units digit of o(-6)?
6
Let w(z) = z**3 + 8*z**2 - 10*z + 4. What is the tens digit of w(-9)?
1
Let b = -27 + 47. What is the tens digit of b?
2
Let c = -33 + 51. Suppose 0 = 3*b - 0 - c. What is the units digit of b?
6
Suppose -5*f + 14 = 4*j, 2*j + f - 5*f + 6 = 0. Let o(h) = 16*h**2 + 2*h - 1. What is the tens digit of o(j)?
1
Let m(o) be the first derivative of -o**4/4 - 5*o**3/3 + 5*o**2/2 + 9*o + 3. Let k be m(-6). Suppose -k = -8*t + 3*t. What is the units digit of t?
3
Let h(y) = 17*y**3 - 2*y**2 + y. Let p be h(1). Suppose 20*g - 92 = p*g. What is the tens digit of g?
2
Suppose -5*y + 187 = 2*j, -4*y + 3*j - 4*j = -149. What is the tens digit of y?
3
Let r be 84/(-35) - (-4)/10. What is the tens digit of 28 + r + 0 + 0?
2
Let q(b) = 4*b - 1. Let a be q(1). Suppose -8 = -m - a*m + 4*i, 0 = 4*m - 5*i - 5. What is the units digit of m?
5
Suppose 0 = -t + 2*t + 3*k - 7, 3*t + 5*k = 9. What is the units digit of t*(-1)/(-4)*-4?
2
What is the units digit of (-4)/18 - 1968/(-108)?
8
What is the hundreds digit of 11848/56 + (-3)/(-7)?
2
Suppose 2*w = 2*m + 362, 0*m - 5*m = -20. What is the hundreds digit of w?
1
Let j(k) = k**2 + 4*k + 2. Let o(h) = -2*h**2 - 3*h - 3. Suppose 4*i + 0*i = -5*g - 10, -3*g = -3*i + 6. Let d be o(g). What is the units digit of j(d)?
7
Let n = 73 - -85. What is the tens digit of n?
5
Let p be ((-9)/4)/((-1)/4). Suppose 0 = -5*f - 3*q, 5*q = 3*f - 6*f. Suppose 3*r - p - 12 = f. What is the units digit of r?
7
Suppose -3*d + 128 = -5*y, -y - 43 = 3*d - 183. Suppose -4*a - 5*i + 84 = 0, -5*i - d = -a - 0*i. Let v = -18 + a. What is the units digit of v?
8
Suppose -3*k - 5*y = -0*k + 11, -5*k + 4*y = -31. Suppose -14 = m - k*m. What is the units digit of (m + 0)/(1 + 0)?
7
Let l = -122 + 301. What is the units digit of l?
9
What is the units digit of 12/(-16) - (-782)/8?
7
Suppose -4*c + 1 = 5. Let d be 2 - (c - -2)*-1. Let l = d - 1. What is the units digit of l?
2
Let f(j) = j + 7. Let i be f(-5). What is the units digit of 21/14 - 1/i?
1
Let d(j) = 2*j**2 + 7*j - 4. What is the tens digit of d(4)?
5
Suppose 2*r - 3*o = -15, -5*r + 20 = 3*o + 5. Suppose 5*y = -r*y - 5. What is the units digit of (-6 - -3)/y - -10?
3
Let l(p) = p**2 - 6*p + 8. What is the tens digit of l(13)?
9
Suppose 2*l - 8*o + 11*o = -3, 3*l = 3*o + 33. What is the units digit of l?
6
Let c = -6 + 10. Suppose 1 = 5*a - c. What is the units digit of a?
1
Let b = 18 + 0. Suppose 0 = -3*x - 9, -5*i = -5*x - b - 12. Suppose -p = -i - 0. What is the units digit of p?
3
What is the units digit of 2/(-6) + 624/9?
9
Let u = 454 + -323. What is the units digit of u?
1
Let m be 1/1 + 0/2. Suppose -3*a + 4*q - 23 = 0, q = 2*a + 4*q - 13. What is the units digit of 5 - m - (a + 2)?
3
Suppose p = -4*v + 548, -6*p + 10*p + 685 = 5*v. What is the tens digit of v?
3
Suppose 0*k + 230 = 5*k. Let h = -33 + k. What is the tens digit of h?
1
Let r be (5/(-2))/((-4)/24). Let a be 6/(-1 - (-2)/6). Let o = a + r. What is the units digit of o?
6
Suppose -p = -c + 3, -2*p + p = -2*c + 8. Suppose 2 = -c*u + 2*r + 4, 0 = -2*u + r. What is the units digit of u?
2
Suppose -j - 6 = -8. Suppose -5*l = 3*q - 15, -6*q + 5*l = -j*q - 55. What is the tens digit of q?
1
Let x(i) = -i**2 - 5*i + 4. Let z be x(-5). Suppose -7*t + 30 = -z*t. What is the units digit of t?
0
Suppose -3*a + 2*a + 2*v = -54, -20 = 5*v. What is the units digit of a?
6
Let h(b) = 3*b**2 + 6*b - 6. What is the units digit of h(-5)?
9
Suppose c - 21 = -2*c. What is the units digit of c?
7
Let q(t) = -t**3 + 6*t**2 - 5*t - 4. Let k be q(5). Let c = -3 - k. What is the units digit of c*(-1)/1 - -2?
1
Let n(b) = -b**3 - 2*b**2 + 4*b - 2. Let q(c) = c**3 + 3*c**2 - 4*c + 3. Let o(m) = -4*n(m) - 3*q(m). What is the units digit of o(4)?
1
Suppose -3*l = 2 - 17. Suppose -4*x + 31 = 6*g - g, l*g - 5*x = 40. What is the units digit of g?
7
Suppose 0 = 3*s - 4*u - 849, 2*u = s - 157 - 128. What is the units digit of s?
9
Suppose 0 = -6*p + 3*p. Let y(z) = -z**2 - 3 + 10 + 5*z + p*z**2. What is the units digit of y(6)?
1
Let i be (-5)/4*(-4 + 0). Let n = -24 + i. What is the tens digit of (-2)/(0 + 2/n)?
1
Let x(i) = -i**2 - 4*i + 4. Let k be x(-5). Let r = 1 - k. Suppose 2*h - r - 14 = 0. What is the units digit of h?
8
What is the tens digit of (9/(-3))/((-3)/17)?
1
Let s(a) = a**2 + 8*a + 7. Let u be s(-7). Suppose u*h = -h + 4. What is the units digit of h?
4
Suppose 2*c - 6*c + 32 = 0. Let o = 3 - c. What is the units digit of (-58)/o - 3/5?
1
What is the units digit of 4 - (-1 + 8/(-1))?
3
Let y(a) be the third derivative of a**4/6 - a**3/3 - 2*a**2. What is the tens digit of y(3)?
1
Suppose -5*a + 0*a - 4*z = 38, -5*z + 15 = 0. Let i = a - -14. What is the units digit of i?
4
Suppose -2*c + 106 = -52. What is the tens digit of c?
7
Let x(c) = -c**2 - c + 5. Let f be x(-5). What is the units digit of (0 - 3)/3 - f?
4
Suppose 55 = 3*i - 224. What is the tens digit of i?
9
Let l(v) = -v**2 - 5*v + 5. Let d be l(-5). Suppose 4*i - o = 56, d*i = i - 4*o + 56. What is the tens digit of i?
1
Suppose 52 - 149 = -d. What is the tens digit of d?
9
Let d(y) = 9*y**3 - y**2 - 4*y + 3. Let k be d(2). Suppose j - k = -2*j. Suppose 0 = 5*q + 3*p - j, 0 = -2*q - 6*p + 3*p + 3. What is the units digit of q?
6
Suppose -5*i - 146 + 641 = 0. What is the units digit of i?
9
Suppose 3*z - 24 = 6*z. Let r = 12 + z. What is the units digit of r*-2*1/(-4)?
2
Suppose w - 44 = -2*z, -3*z = w - 8*z - 9. What is the tens digit of w?
3
Let m be 2/(-3 - -4 - 0). Suppose 60 = 3*h + m*h. What is the tens digit of h?
1
Suppose -3*l + 244 = -14. What is the units digit of l?
6
Let i be (2 - 1)*(-2 + 5). Suppose -5*t - 31 - 13 = -i*f, 5*t + 57 = 4*f. What is the tens digit of f?
1
Let p be (-2)/8*2*2. Let g be 0 + 4 + -1 + p. Suppose o - 9 = -3*y, g*o + 2*y - 8 = 6*y. What is the units digit of o?
6
Let i(a) = -2*a**3 - 5*a**2 - 6*a - 9. Let z be i(-4). Suppose -2*x - 2*w + 92 = 0, -2*x - 4*w + 19 = -z. What is the tens digit of x?
5
Let k(o) = o**3 + 7*o**2 - 21*o + 13. What is the units digit of k(-9)?
0
Suppose -g + 22 = -0*g. Suppose 5*y - 33 - g = 0. What is the tens digit of y?
1
Suppose 2*t - 17 = -1. Let w = t + -3. What is the units digit of w?
5
Suppose 0*m + 5*m - 2*k = 15, -4*k - 9 = -3*m. Let z = 4 + m. What is the units digit of z?
7
Let y(d) be the third derivative of 7*d**4/24 + 2*d**2. Let f(v) = v**2 - 5*v + 1. Let s be f(5). What is the units digit of y(s)?
7
Let g(q) = -11*q - 22. What is the tens digit of g(-7)?
5
Let p = -127 